+ -3.
9
Let p(m) = m**3 + 53*m**2 + 44*m + 2414. Calculate the remainder when 731 is divided by p(-53).
75
Let y = 71 - 66. Suppose -37 = -y*q + 38. Suppose -q*v = -12*v - 39. What is the remainder when 64 is divided by v?
12
Suppose -965*h = -957*h - 632. What is the remainder when h is divided by -20 + 18 + 2*8?
9
Let t = 120 + -108. Suppose -4*l - t = -4*j, 3*l = -3*j - 5 + 20. Calculate the remainder when j is divided by 3.
1
Suppose -5*g = 0, -4*g + 1091 = -2*o - 527. Let t = -362 - o. What is the remainder when t is divided by 28?
27
Suppose 23*f - 14321 = 22410. What is the remainder when f is divided by 39?
37
Let h(x) = -x**3 - 33*x**2 - 4*x - 114. Calculate the remainder when 8962 is divided by h(-33).
16
Let v(k) = k**3 + 5*k**2 - 49*k - 17. What is the remainder when v(7) is divided by 42?
18
Let p(i) = -i**2 - 11*i - 36. Let m be p(0). Let y = 94 + m. What is the remainder when y is divided by 32?
26
Suppose -28*f = -27*f - 5. Let h(y) = 3*y - y - f + y - 7*y. Calculate the remainder when 40 is divided by h(-4).
7
Let s = -4296 + 4401. What is the remainder when 244 is divided by s?
34
Suppose 2*b + 3*r = -2*b + 958, 3*r = 10*b - 2416. Calculate the remainder when 766 is divided by b.
43
Let k(t) = -2*t + 362. Calculate the remainder when 1534/10 + 14/(-35) is divided by k(161).
33
Suppose -5*u + 244 = -u. Suppose -3*v - 5*r = -841, 1098 = 4*v + r - 6*r. Let x = 299 - v. What is the remainder when u is divided by x?
17
Let t(c) = c**3 + 8*c - 4. Suppose 8*m - 4*m - 124 = -4*k, 4*m = -k + 40. What is the remainder when t(5) is divided by k?
21
What is the remainder when (-36)/234 + (-125600)/(-130) is divided by 57?
54
Suppose 16*v - 20*v - 8946 = -3*b, 2*b - 4*v - 5956 = 0. What is the remainder when b is divided by 55?
20
Let o = 78 + -60. Let x be ((-24)/(-4))/((-3)/(-2)). Suppose x*y - z = -y + 259, y - 51 = z. What is the remainder when y is divided by o?
16
Let o = -382 + 384. What is the remainder when 628*6/(-12)*-1 - o is divided by 7?
4
Let q = 72774 + -72744. Suppose v + 5*r - 77 = 0, -3*v - r + 367 = 108. Calculate the remainder when v is divided by q.
27
Let c(j) = -134*j**3 - 29*j + 234*j**3 - 9*j**2 - 107*j**3 - 2. Calculate the remainder when c(-4) is divided by 70.
68
Let j(w) = 121*w + 5. What is the remainder when 2669 is divided by j(0)?
4
Let o(x) = 54*x + 2782. Calculate the remainder when 84 is divided by o(-51).
0
Suppose 3*d - 22 = 29. Calculate the remainder when (5 + (-232)/48)*114*(-1 + 2) is divided by d.
2
Let h = -20071 + 20801. What is the remainder when h is divided by 33?
4
Suppose -4*p - 700 = -10*r, -3*p = 4*r - 81 - 176. What is the remainder when 193 is divided by r?
57
Let o = -199 - -101. Let a be (21/(-14))/(-1) - o/4. Suppose 0 = 2*c - 2 - a. What is the remainder when c is divided by 3?
2
Suppose n + 4*y = y + 262, -5*n - 4*y = -1266. What is the remainder when 513 is divided by n?
13
Let b(h) = -h**2 + 13. Let z be b(-3). Let s(j) = 17*j - 63. Calculate the remainder when 38 is divided by s(z).
3
Let y(m) = -3*m + 12. Let f be y(4). Suppose f = -4*a + 3*g + 205, a - 4*g = -4*a + 257. Suppose 39 = 3*j - 0. Calculate the remainder when a is divided by j.
10
Let v = 32 - 8. Let g(p) = 12*p + 0*p - 60 + 0*p + 0*p - 7*p. Calculate the remainder when g(v) is divided by 13.
8
Suppose 0 = 9*d - 8*d - 4. Suppose -30 = -d*n + 14. Let l = n + 28. What is the remainder when l is divided by 14?
11
Calculate the remainder when 1401 is divided by 35/140 + (-430)/(-8).
51
Let p = -76 + 87. Suppose -15*m + p*m = -32. Suppose -184 = -m*r - 0*r. What is the remainder when 42 is divided by r?
19
Let f(b) = 5*b**3 - 22*b**2 + 105*b + 3. What is the remainder when f(6) is divided by 2?
1
Let r(z) = 18*z**2 - 2*z + 47. Let o be r(-6). Let w = o + -684. Calculate the remainder when 1*65 - -2*1 is divided by w.
21
Let l = 43963 + -11267. What is the remainder when l is divided by 20?
16
Suppose -3*b + 246 = -b - t, -4*t = 2*b - 246. Suppose 414 - 3622 - 536 = -208*a. Calculate the remainder when b is divided by a.
15
Let y(k) = 23*k + 145. Let t be y(15). Suppose -3*v = -2*j - 2*j - t, j + 325 = 2*v. What is the remainder when v is divided by 41?
39
Suppose 110 = 5*m + 5. Let u(h) = -h**3 - h**2 - 7*h - 15. Let y be u(-3). Suppose 160 = -y*c + 26*c. What is the remainder when c is divided by m?
17
Suppose -4*j = a - 556, -4*a + 2188 = 3*j - 5*j. Suppose -6*t = -2*t - a. Suppose 17*n + 13639 = 610*n. Calculate the remainder when t is divided by n.
22
Let g(b) = -2*b + 13. Let t be g(5). Suppose t*l + 32 = f, -8 = f + f. Calculate the remainder when l/(-8) - (-135)/2 is divided by 36.
33
What is the remainder when ((-320)/(-128))/(((-1)/12)/(-1)) is divided by 16?
14
Calculate the remainder when (100/(-125))/(1/(-15))*155/4 is divided by 59.
52
Let o(j) = 27*j**2 - 3*j + 2. Calculate the remainder when o(-3) is divided by (-1870)/(-44)*(-6)/(-5).
50
Let g(r) = -r**2 - 12*r + 28. Let f be g(-14). Calculate the remainder when (-3)/12*f - -3 - -40 is divided by 24.
19
Let b be (-1)/(-1) + -6 - -4. Suppose -3*x + 0*l = 3*l - 72, -3*l = 4*x - 99. What is the remainder when x is divided by b + (-318)/(-30) + (-4)/(-10)?
7
Let o = -13 - -3. Let p = -7 - o. Let m = 6636 - 6635. What is the remainder when p is divided by m?
0
Suppose -2*d + 19 = -3*l, -d + 3*d - 22 = 4*l. Let v(h) = 116*h - 2856. Calculate the remainder when v(25) is divided by d.
4
Suppose 5643 = 10*b - 3157. Suppose 18*c - 40*c + b = 0. What is the remainder when 186 is divided by c?
26
Let o(b) = b**3 + 6*b**2 + 2*b - 1. Let h = 8 - 10. Suppose -480 = -17*d + 2*d. Calculate the remainder when d is divided by o(h).
10
Suppose 203*d - 206*d = -2*s - 793, -2*d + 527 = -3*s. Suppose -338 = -5*y + 3*n, 57 - 391 = -5*y - n. What is the remainder when d is divided by y?
64
Let l(m) = 187*m**3 - 9*m - 8. Let u be l(-1). Let d = u + 192. Let s(v) = 3*v**2 - 2*v - 1. What is the remainder when s(-2) is divided by d?
3
Suppose 5*i - 17 = 8. Suppose w = 36 - 24. Calculate the remainder when 2/6*0 - (-2 - w) is divided by i.
4
Let c = -879 - -871. What is the remainder when (c + (-1122)/(-6))/1 is divided by 12?
11
Let a(o) = -7*o - 48. Let w(g) = -8*g - 47. Let c(v) = -7*a(v) + 6*w(v). Calculate the remainder when 206 is divided by c(-11).
34
Let c(w) = w - 1. Let h(z) = -z**2 + 5*z - 3. Let u(t) = 2*c(t) + h(t). What is the remainder when (100/75 - (-1 + 8))*-6 is divided by u(5)?
4
Suppose 3*c + 234 = 3*g, c - 162 = -2*g - 3. What is the remainder when 181 is divided by g?
23
Suppose -4*q + 99 = 7. Let m(x) = 62*x - 37. Let w(g) = -21*g + 12. Let c(f) = 6*m(f) + 17*w(f). Calculate the remainder when c(7) is divided by q.
18
What is the remainder when 336 is divided by 24/(-8) + -2 + (51/1 - -4)?
36
Suppose -4*b = -34*b + 1890. Let l(t) = 5*t**2 - 5*t - 3. Let m(z) = z**2. Let q(s) = l(s) - 4*m(s). Calculate the remainder when b is divided by q(9).
30
Suppose -2*m = -5*u + 16, -6*m - 13 = -2*u - 3*m. Suppose -u*p - 5*l + 141 = -p, 3*l = -9. What is the remainder when 38 is divided by (-3)/(-5) + (p/15 - -2)?
12
Suppose 0 = -k + 3 + 1, -5*y + 4*k + 4 = 0. Let s(n) = -2*n + 4*n + 6 + y*n - 12*n. Calculate the remainder when s(-8) is divided by 28.
26
What is the remainder when 3718 is divided by (32/6 - 6)/(6/(-1971))?
214
Suppose 4*q + 4*p - 12 = 0, -33*q + 29*q + 4*p = 4. What is the remainder when 137/4 + (-1)/4 is divided by ((1 - q) + 2)/((-3)/(-27))?
16
Let c(q) = -20*q**2 - 12*q + 67. What is the remainder when 1132 is divided by c(0)?
60
Let u(t) = t**2 - 8*t + 3. Let g = 15 - -12. What is the remainder when g is divided by u(9)?
3
Let w = -73 + 175. Suppose 623*c + 131*c + 2556 - 16128 = 0. Calculate the remainder when w is divided by c.
12
Suppose 4*f - n = 89, -11*n = 4*f - 13*n - 94. Let s(g) = 5*g**2 - 7*g + 11. What is the remainder when s(3) is divided by f?
14
Let v = -294 + 351. Suppose 5*c - 63 = v. Calculate the remainder when c is divided by 4.
0
Let n(m) = 42*m**2 - 4*m - 7. Let l be n(-3). Suppose -l*i = -382*i - 38. What is the remainder when 150 is divided by i?
36
Suppose -2*h = 3*c - 72, -c + 4*h + 116 = 3*c. Let r = 3 + c. Calculate the remainder when 8/12*(-1020)/(-8) is divided by r.
27
Let t = -11119 - -12617. What is the remainder 